{"id":1288,"date":"2021-09-05T11:58:28","date_gmt":"2021-09-05T10:58:28","guid":{"rendered":"https:\/\/klinika.pravos.unios.hr\/?page_id=1288"},"modified":"2021-09-06T11:50:59","modified_gmt":"2021-09-06T10:50:59","slug":"magyar","status":"publish","type":"page","link":"https:\/\/klinika.pravos.unios.hr\/?page_id=1288","title":{"rendered":"Magyar"},"content":{"rendered":"\n<div class=\"wp-block-image\"><figure class=\"aligncenter\"><img decoding=\"async\" loading=\"lazy\" width=\"1024\" height=\"259\" src=\"https:\/\/klinika.pravos.unios.hr\/wp-content\/uploads\/2021\/09\/KliniC48DkanaljepnicajesvojemjestonaC5A1laispredEuropskogsudazaljudskaprava-1024x259.jpg\" alt=\"\" class=\"wp-image-1295\" srcset=\"https:\/\/klinika.pravos.unios.hr\/wp-content\/uploads\/2021\/09\/KliniC48DkanaljepnicajesvojemjestonaC5A1laispredEuropskogsudazaljudskaprava.jpg 1024w, https:\/\/klinika.pravos.unios.hr\/wp-content\/uploads\/2021\/09\/KliniC48DkanaljepnicajesvojemjestonaC5A1laispredEuropskogsudazaljudskaprava-300x76.jpg 300w, https:\/\/klinika.pravos.unios.hr\/wp-content\/uploads\/2021\/09\/KliniC48DkanaljepnicajesvojemjestonaC5A1laispredEuropskogsudazaljudskaprava-768x194.jpg 768w\" sizes=\"(max-width: 1024px) 100vw, 1024px\" \/><\/figure><\/div>\n\n\n\n<p>Az OSIJEK PRO BONO Jogi Klinika szem\u00e9lyes, el\u0151zetes id\u0151pontegyeztet\u00e9s n\u00e9lk\u00fcl m\u0171k\u00f6d\u0151 jogi tan\u00e1csad\u00f3 klinika, amelyet 2015-ben regisztr\u00e1ltak az Igazs\u00e1g\u00fcgyi Miniszt\u00e9riumban els\u0151dleges jogseg\u00e9lyny\u00fajt\u00f3k\u00e9nt.<\/p>\n\n\n\n<p>A klinikai m\u0171veletek megkezd\u00e9se egybeesik az Amerikai K\u00fcl\u00fcgyminiszt\u00e9riumt\u00f3l\n2016 \u0151sz\u00e9n kapott \u00f6szt\u00f6nd\u00edjjal.<\/p>\n\n\n\n<p>Az\u00f3ta a Klinika sikeresen ny\u00fajt jogi seg\u00edts\u00e9get az esz\u00e9ki r\u00e9gi\u00f3ban szeg\u00e9nys\u00e9gben\n\u00e9l\u0151knek.<\/p>\n\n\n\n<p>2020 k\u00f6zep\u00e9ig a Klinika t\u00f6bb mint 400 esetet dolgozott fel, s ez a sz\u00e1m\nfolyamatosan n\u00f6vekszik. <\/p>\n\n\n\n<p>A Klinika szakter\u00fclete a polg\u00e1ri jog a legsz\u00e9lesebb \u00e9rtelemben, de seg\u00edt\u00fcnk\nazoknak is, akik ad\u00f3ss\u00e1gbehajt\u00e1si elj\u00e1r\u00e1sokkal, v\u00e9ts\u00e9g miatt ind\u00edtott\nelj\u00e1r\u00e1sokkal, munkajogi, tipikus csal\u00e1djogi k\u00e9rd\u00e9sekkel, k\u00fcl\u00f6n\u00f6sen\ngyermektars\u00e1ssal \u00e9s h\u00e1zast\u00e1rsi tart\u00e1ssal, valamint k\u00f6zigazgat\u00e1si \u00fcggyel \u00e9s\nelj\u00e1r\u00e1ssal szembes\u00fclnek.<\/p>\n\n\n\n<p>Tudva, Esz\u00e9ken milyen neh\u00e9z k\u00fclf\u00f6ldi \u00e1llampolg\u00e1rok sz\u00e1m\u00e1ra ingyenes jogi\ntan\u00e1csad\u00e1s szerz\u00e9se angol nyelven, leg\u00fajabban az Esz\u00e9ki Tudom\u00e1nyegyetem \u00f6sszes\nk\u00fclf\u00f6ldi hallgat\u00f3j\u00e1nak adunk jogi tan\u00e1csot, els\u0151sorban a lakhat\u00e1ssal, az orvosi\nell\u00e1t\u00e1ssal \u00e9s a tart\u00f3zkod\u00e1si enged\u00e9llyel kapcsolatos k\u00e9rd\u00e9sekben, de seg\u00edts\u00e9get\nny\u00fajtunk k\u00fclf\u00f6ldi hallgat\u00f3kat \u00e9rint\u0151 egy\u00e9b jogi k\u00e9rd\u00e9sekben is.<\/p>\n\n\n\n<p>A Klinika rendszerint hetente k\u00e9tszer tart nyitva, kedden \u00e9s cs\u00fct\u00f6rt\u00f6k\u00f6n\n17-18 \u00f3r\u00e1ig, kiv\u00e9ve vizsgaid\u0151szakban \u00e9s a ny\u00e1ri sz\u00fcnetben. Ekkor is el\u00e9rhet\u0151ek\nvagyunk e-mailben az al\u00e1bbi c\u00edmen: <a href=\"mailto:osijekprobono@gmail.com\">osijekprobono@gmail.com<\/a>. Sz\u00fcks\u00e9g eset\u00e9n id\u0151pontegyeztet\u00e9s alapj\u00e1n tal\u00e1lkozunk az \u00fcgyfelekkel. A\nny\u00e1ri sz\u00fcnetben a Klinik\u00e1t csak a 031\/327\/822 telefonsz\u00e1mon lehet el\u00e9rni\nkiz\u00e1r\u00f3lag cs\u00fct\u00f6rt\u00f6k\u00f6n 9:30 \u00e9s 11 \u00f3ra k\u00f6z\u00f6tt. <\/p>\n\n\n\n<p>Figyelm\u00fckbe aj\u00e1nljuk a Klinika News klinikai \u00fajs\u00e1gunkat, amely el\u00e9rhet\u0151 a\nk\u00f6vetkez\u0151 c\u00edmen: <\/p>\n\n\n\n<figure class=\"wp-block-embed is-type-rich is-provider-pravna-klinika-pravnog-fakulteta-u-osijeku-osijek-pro-bono\"><div class=\"wp-block-embed__wrapper\">\n<blockquote class=\"wp-embedded-content\" data-secret=\"TdK2hAnY4j\"><a href=\"https:\/\/klinika.pravos.unios.hr\/?page_id=376\">Bilten Pravne klinike OSIJEK PRO BONO (PDF)<\/a><\/blockquote><iframe class=\"wp-embedded-content\" sandbox=\"allow-scripts\" security=\"restricted\" style=\"position: absolute; clip: rect(1px, 1px, 1px, 1px);\" src=\"https:\/\/klinika.pravos.unios.hr\/?page_id=376&#038;embed=true#?secret=TdK2hAnY4j\" data-secret=\"TdK2hAnY4j\" width=\"600\" height=\"338\" title=\"&#8220;Bilten Pravne klinike OSIJEK PRO BONO (PDF)&#8221; &#8212;  Pravna klinika Pravnog fakulteta u Osijeku OSIJEK PRO BONO\" frameborder=\"0\" marginwidth=\"0\" marginheight=\"0\" scrolling=\"no\"><\/iframe>\n<\/div><\/figure>\n\n\n\n<p>Zvonimir Jelini\u0107, Ph.D., az OSIJEK PRO BONO Jogi Klinika igazgat\u00f3ja<\/p>\n","protected":false},"excerpt":{"rendered":"<p>Az OSIJEK PRO BONO Jogi Klinika szem\u00e9lyes, el\u0151zetes id\u0151pontegyeztet\u00e9s n\u00e9lk\u00fcl m\u0171k\u00f6d\u0151 jogi tan\u00e1csad\u00f3 klinika, amelyet 2015-ben regisztr\u00e1ltak az Igazs\u00e1g\u00fcgyi Miniszt\u00e9riumban els\u0151dleges jogseg\u00e9lyny\u00fajt\u00f3k\u00e9nt. A klinikai m\u0171veletek megkezd\u00e9se egybeesik az Amerikai K\u00fcl\u00fcgyminiszt\u00e9riumt\u00f3l 2016 \u0151sz\u00e9n kapott \u00f6szt\u00f6nd\u00edjjal. Az\u00f3ta a Klinika sikeresen ny\u00fajt jogi seg\u00edts\u00e9get az esz\u00e9ki r\u00e9gi\u00f3ban szeg\u00e9nys\u00e9gben \u00e9l\u0151knek. 2020 k\u00f6zep\u00e9ig a Klinika t\u00f6bb mint 400 esetet dolgozott [&hellip;]<\/p>\n","protected":false},"author":5,"featured_media":0,"parent":0,"menu_order":0,"comment_status":"closed","ping_status":"closed","template":"","meta":[],"_links":{"self":[{"href":"https:\/\/klinika.pravos.unios.hr\/index.php?rest_route=\/wp\/v2\/pages\/1288"}],"collection":[{"href":"https:\/\/klinika.pravos.unios.hr\/index.php?rest_route=\/wp\/v2\/pages"}],"about":[{"href":"https:\/\/klinika.pravos.unios.hr\/index.php?rest_route=\/wp\/v2\/types\/page"}],"author":[{"embeddable":true,"href":"https:\/\/klinika.pravos.unios.hr\/index.php?rest_route=\/wp\/v2\/users\/5"}],"replies":[{"embeddable":true,"href":"https:\/\/klinika.pravos.unios.hr\/index.php?rest_route=%2Fwp%2Fv2%2Fcomments&post=1288"}],"version-history":[{"count":3,"href":"https:\/\/klinika.pravos.unios.hr\/index.php?rest_route=\/wp\/v2\/pages\/1288\/revisions"}],"predecessor-version":[{"id":1303,"href":"https:\/\/klinika.pravos.unios.hr\/index.php?rest_route=\/wp\/v2\/pages\/1288\/revisions\/1303"}],"wp:attachment":[{"href":"https:\/\/klinika.pravos.unios.hr\/index.php?rest_route=%2Fwp%2Fv2%2Fmedia&parent=1288"}],"curies":[{"name":"wp","href":"https:\/\/api.w.org\/{rel}","templated":true}]}}